 (12/5)/(p/6920).
2, 3, 173
Let m = -22923 - -37039. List the prime factors of m.
2, 3529
Let j be ((-31)/(186/(-60)))/5. Let h(k) = -k - 3. Let u be h(-3). Suppose -3*p = j*w - w - 160, u = -3*w - 4*p + 460. List the prime factors of w.
2, 37
Let m(k) = 6*k - 5. Let c be m(3). Suppose 0 = -194*d + 190*d + 44. Suppose -d*y - 248 = -c*y. What are the prime factors of y?
2, 31
Let c = 13081 - 4488. What are the prime factors of c?
13, 661
Let d(n) = 8*n - 57. Suppose 63 = 2*x + 165. Let i = 75 + x. List the prime factors of d(i).
3, 5
Let j(i) = 2*i**2 - 39*i - 6. Let r be j(13). Suppose 3*q = 78 + 663. Let b = r + q. List the prime factors of b.
2, 3
Let m be (20/(-2)*9/(-18))/(-1). What are the prime factors of 639 + (0 + 3 + -12 - m)?
5, 127
What are the prime factors of 103167/30 + 7/(-35)*(-1)/2?
19, 181
Let b(j) = 48*j - 8. Let w(n) = -97*n + 16. Let y(i) = 5*b(i) + 2*w(i). List the prime factors of y(10).
2, 113
Suppose 19*u + u - 372428 = -8*u. What are the prime factors of u?
47, 283
Suppose 30741 = 3*g + 107*m - 102*m, 4*g - 40974 = -2*m. List the prime factors of g.
2, 3, 569
Suppose -25641 = 57*b - 64*b. Suppose -b = -12*c + c. List the prime factors of c.
3, 37
Suppose 0 = 22*f - 2056 - 28964. Suppose 39*y = 44*y - f. What are the prime factors of y?
2, 3, 47
Suppose 0 = k + 6*k - 105. What are the prime factors of 32/k - 2 - (-11396)/30?
2, 5, 19
Let j = -8254 + 10451. List the prime factors of j.
13
Suppose -19*c + 28*c + 13*c = 73216. What are the prime factors of c?
2, 13
List the prime factors of (4/4)/(((-5)/(-15))/(-7 + 4428)).
3, 4421
Suppose -4*d - 17864 = 4*p - 83112, d = 3*p - 48952. What are the prime factors of p?
2, 4079
Let a = -96 - -74. Let h be -340*(a/(-10) + -3). Let q = -107 + h. List the prime factors of q.
3, 5, 11
Suppose 20*y - 15043 = -1483. Suppose -149 = -l + y. What are the prime factors of l?
827
Let p = -1588 - -2448. Suppose 0 = 5*a + k - p, 0 = 2*a - 4*a - 3*k + 331. What are the prime factors of a?
173
Let d = -407 - -417. List the prime factors of (1 - 118/d)/(3/(-230)).
2, 3, 23
Let w be (84/20 - 1)*(-75)/(-6). Suppose 5*g - 5*p = -140, -3*g + 4*g = -5*p - w. Let h = g + 80. What are the prime factors of h?
2, 5
Suppose 0 = -2*x - 4*v - 874, 127 = 3*x + 4*v + 1448. Let i = x + 721. List the prime factors of i.
2, 137
Suppose -171*d + 147211 = -912134. List the prime factors of d.
3, 5, 7, 59
Let r(l) be the first derivative of 11*l**3/3 - 9*l**2/2 - l - 23. Let h = 110 - 114. List the prime factors of r(h).
211
Let s be 117/26 - 3*(-4)/(-24). Let k(a) = 86*a + 4. What are the prime factors of k(s)?
2, 3, 29
Let s(y) = -2*y**3 + 13*y**2 - 9*y + 25. Let i be s(6). Suppose -w + 351 = -3*d, i*w - 6*w + 2*d = 336. What are the prime factors of w?
2, 3, 19
Suppose 5*l = 5*a - 263 - 23487, -2*a + 5*l + 9488 = 0. What are the prime factors of a?
2, 2377
Suppose g - 4*i - 371 = 0, 1798 = -g + 6*g - i. Let b = -143 + g. Let m = 314 - b. List the prime factors of m.
2, 7
Suppose -1592 = -26*d + 267768. List the prime factors of d.
2, 5, 7, 37
Let m = 57 - 61. Let q be (19 - m)*(3 - 2). Let n(v) = -2*v**2 + 50*v + 30. What are the prime factors of n(q)?
2, 61
Let a = -29 + 108. Let v = 319 - a. What are the prime factors of v?
2, 3, 5
Let x(l) = 17*l - 137. Let m be x(8). List the prime factors of 48/(-32)*(m - 2 - 119).
3, 61
Suppose -9*n + 72136 = 1081. What are the prime factors of n?
5, 1579
Let q be (-378)/(-441) + (-29)/(-7). Suppose -4*t + 7*s = 4*s - 872, -410 = -2*t - q*s. What are the prime factors of t?
5, 43
Let s = 13 + -8. Suppose 0 = 19*a - 634 - 4914. Suppose -s*p = -p - a. List the prime factors of p.
73
Let y be 5 - (2239 + 32/4). Let x = 3145 + y. List the prime factors of x.
3, 7, 43
Let y(r) be the second derivative of 13*r**3/2 - 125*r**2/2 - 2*r - 8. What are the prime factors of y(9)?
2, 113
Let b(w) = -96*w**3 + 5*w + 5. Let z(r) = 29*r**3 - r**2 + 2*r - 1. Let s be z(1). Suppose 27*q - s*q - 2 = 0. What are the prime factors of b(q)?
2, 3
Let c = 5 + -13. Let b(s) = -14*s - 20. Let w be b(c). Let u = w + -49. List the prime factors of u.
43
Let g(v) = 204*v + 382. What are the prime factors of g(59)?
2, 7, 887
Let x(a) = -9312*a + 31. List the prime factors of x(-1).
9343
Let f = 6599 + -2468. List the prime factors of f.
3, 17
Let c be (60 + -56)*((-11)/(-1))/(-1). List the prime factors of 5960/22 - 4/c.
271
Let j(o) = 19*o**3 - 47*o**2 + 23*o - 58. What are the prime factors of j(12)?
2, 17, 773
What are the prime factors of (-10 - (-16746)/10)/(2/10)?
7, 29, 41
Suppose 0 = -29*o + 30*o - 4*r - 16824, 5*o - 4*r = 84104. List the prime factors of o.
2, 5, 29
Suppose k - 106938 = -3*i, 5*i - 29*k + 33*k = 178223. What are the prime factors of i?
43, 829
Let c(n) = 78*n + 8. Let h(m) = -38*m - 4. Let q(r) = -4*c(r) - 10*h(r). What are the prime factors of q(2)?
2, 3
What are the prime factors of ((-75)/(-30)*-48)/(3/(-561))?
2, 3, 5, 11, 17
Let r(q) = q**2 + 4*q - 3. Let c be r(-5). Let a be 5*c + 42/(-6) + 3. List the prime factors of 8/12 - -212*4/a.
2, 71
Suppose -4*u + 1602 - 2134 = -4*r, -2*u = -r + 128. Suppose 272 = 3*g + g + 4*t, 0 = 4*g - 4*t - 288. Let b = r - g. What are the prime factors of b?
2, 17
Suppose 25*u - 1369 - 11206 = 0. Let c = u + -86. List the prime factors of c.
3, 139
Suppose -152 + 205 = x. Suppose 2*q - x = -f + 319, -4*f = 5*q - 1500. List the prime factors of f.
2, 5, 19
Let g be (2385 + -3)/3 - 3. Suppose 4*o - g = 145. Let s = o - 10. What are the prime factors of s?
2, 7
Let q = 2799 + 3029. List the prime factors of q.
2, 31, 47
Suppose -118 + 238 = 4*u. Suppose -5*m - 75 = 10*k - 6*k, 2*m = 3*k - u. List the prime factors of (32/6)/(-2*1/m).
2, 5
Let p(m) = m**3 + 13*m**2 + 33. Let z(y) = 8*y + 4. Let c be z(-2). What are the prime factors of p(c)?
3, 59
Suppose 0 = -1911*i + 1913*i - 4724. Let l = -1425 + i. What are the prime factors of l?
937
Let n be -5 - -2 - 2 - (-1 + -157). Suppose -232 - n = -c. What are the prime factors of c?
5, 7, 11
Let u(y) = 32*y + 112. Suppose -4*d = -4*s + 68, 7*s - 5*s + 5*d - 34 = 0. List the prime factors of u(s).
2, 41
Let i be 0/((-12)/2 - -5*1). Suppose 3*y = -4*a + 460, i = -4*a + 5*y + 292 + 168. What are the prime factors of a?
5, 23
Let d = 285 + -284. What are the prime factors of ((4/3)/d)/((-32)/(-35424))?
2, 3, 41
Suppose 3*p - 7443 = -2*s, -7*s = -10*s + 4*p + 11207. What are the prime factors of s?
3, 11, 113
Suppose b - 716 = 3*a, -11*a = 3*b - 14*a - 2124. Let l = -429 + b. What are the prime factors of l?
5, 11
Let l(j) = 3*j**2 - j - 3. Let s be 3 - (-99)/(-24) - 1/(-8). Let p be l(s). List the prime factors of 67 + (p + -2 - (3 - 4)).
67
Let n(o) = 2*o**2 + 10*o. Let m be 0 - -38 - (1 + 3). Let i = -45 + m. What are the prime factors of n(i)?
2, 3, 11
Let j(o) = 0*o - 889 + 881 - 2*o + 13*o**2. What are the prime factors of j(6)?
2, 7
Let p = -76 - -81. Suppose -w + 9 - p = 0. Suppose 3*m = 5*n + 606, m - w*n + 47 = 256. List the prime factors of m.
197
List the prime factors of 3*-13*445116/(-1764).
13, 757
Let l(t) = -t**2 + 2*t + 21. Let z be l(4). What are the prime factors of z/(-2)*230/(-5)?
13, 23
Let u(o) = o**3 + 19*o**2 - 22*o - 38. Let j be u(-20). What are the prime factors of (7/(105/(-1970)))/(j/(-3))?
197
What are the prime factors of -54 - (-641286)/12 - (0 - 3/2)?
2, 3, 1483
Suppose -4*i + 8 = -8. Let p = 417 + -244. Suppose i*q - 417 = -p. What are the prime factors of q?
61
Suppose 0 = -f + 4*f - 141. Let o = 57 - f. Suppose o = b - 64. What are the prime factors of b?
2, 37
Suppose 47*z - 3*z + 37*z - 4365252 = 0. List the prime factors of z.
2, 3, 499
Let m(p) = p**3 - 3*p**2 + 3*p. Let n be m(2). Suppose -417 = -n*h + 765. Suppose -4*v + h = -481. What are the prime factors of v?
2, 67
Suppose -v + 7 = -32. Suppose 6*a - v = -9. What are the prime factors of (150/a)/(-5)*-2?
2, 3
Suppose 3*j - 31774 = 7*x - 12*x, 42377 = 4*j - 5*x. List the prime factors of j.
3, 11, 107
Let n = -36531 - -64353. List the prime factors of n.
2, 3, 4637
Suppose -5*v - 429 = -2*v. Let k = v + 513. Suppose -s + k = 5*w + 4*s, 4*w - s - 276 = 0. What are the prime factors of w?
2, 5, 7
Let f(d) = -d**3 + 9*d**2 - 11*d - 12. Let n be f(7). Suppose 4488 = n*c - 237. What are the prime factor